Select a Year or Month report
Report for 2023 Nov Monthly Climatological Summary for Nov 2023 Name: Ashurst Bridge City: Totton State: Hampshire Elevation: 9 m Lat: N 50° 54' 29" Lon: W 001° 30' 28" Temperature (°C), Rain (mm), Wind Speed (mph) Heat Cool Avg Mean Deg Deg Wind Dom Day Temp High Time Low Time Days Days Rain Speed High Time Dir ---------------------------------------------------------------------------------- 01 11.2 14.8 13:19 7.4 17:48 4.3 0.0 35.2 5.3 37.0 23:45 S 02 8.8 10.9 11:45 5.1 06:00 6.7 0.0 3.6 4.6 25.0 15:30 WSW 03 8.7 15.3 11:15 3.4 01:30 6.8 0.0 15.6 2.4 23.0 05:30 SSW 04 9.5 13.8 13:15 5.6 02:30 6.0 0.0 9.0 2.1 16.0 15:30 WSW 05 8.7 14.2 14:00 3.3 07:45 6.8 0.0 0.0 2.0 20.0 13:30 WSW 06 6.4 14.6 13:45 1.4 07:15 9.1 0.0 0.4 1.1 15.0 12:00 WSW 07 7.7 13.9 12:00 1.6 00:00 7.8 0.0 7.6 2.5 22.0 07:45 SW 08 7.9 13.9 12:00 3.1 23:00 7.6 0.0 9.6 1.9 26.0 10:00 SW 09 8.2 12.1 12:45 5.4 06:30 7.3 0.0 0.8 2.3 19.0 13:00 SW 10 4.8 11.6 13:45 0.3 07:45 10.7 0.0 0.0 1.6 20.0 11:30 NW 11 7.4 11.4 12:30 1.3 09:00 8.1 0.0 2.4 0.4 8.0 11:00 N 12 11.2 14.8 07:45 7.3 09:00 4.3 0.0 15.4 3.0 27.0 05:45 S 13 13.0 15.7 10:15 11.8 00:30 2.5 0.0 0.2 5.8 25.0 09:30 SW 14 9.7 12.6 09:00 7.2 06:15 5.8 0.0 8.8 2.2 18.0 11:30 WSW 15 7.9 13.1 12:30 4.9 01:30 7.6 0.0 7.4 1.8 18.0 11:45 W 16 5.2 9.4 13:45 1.1 08:15 10.3 0.0 4.6 0.8 14.0 09:15 NNW 17 10.0 14.2 08:45 1.7 09:00 5.5 0.0 9.2 3.1 20.0 06:15 S 18 13.4 15.4 12:15 11.5 01:30 2.1 0.0 1.2 5.7 21.0 21:00 SW 19 11.2 14.1 10:30 7.2 03:45 4.3 0.0 3.8 4.9 26.0 11:15 SW 20 11.0 12.9 13:15 9.6 08:30 4.5 0.0 0.2 2.5 19.0 10:45 NW 21 6.8 11.1 14:15 1.9 03:15 8.7 0.0 0.0 1.5 15.0 14:30 N 22 10.3 11.6 20:00 3.6 09:00 5.2 0.0 0.0 2.2 14.0 19:45 WSW 23 10.9 13.6 13:00 6.9 07:45 4.6 0.0 0.0 3.8 20.0 11:30 W 24 1.7 10.5 11:30 -4.6 08:15 13.9 0.0 0.0 1.3 19.0 14:15 NNW 25 -0.1 6.6 13:45 -3.9 09:00 15.6 0.0 0.0 0.5 10.0 13:00 NW 26 8.2 11.3 20:06 0.0 09:00 7.3 0.0 12.8 2.3 13.0 01:31 SW 27 6.7 12.1 12:51 0.7 08:25 8.8 0.0 0.4 3.2 20.0 14:56 NW 28 3.1 7.8 12:39 -1.7 23:32 12.4 0.0 0.2 0.4 7.0 11:38 WNW 29 2.5 6.6 13:29 -1.3 01:08 13.0 0.0 0.0 0.8 11.0 08:47 NNE 30 0.4 3.4 13:31 -4.4 07:51 15.1 0.0 0.4 1.7 16.0 13:30 NE ---------------------------------------------------------------------------------- 7.7 15.7 13 -4.6 24 232.8 0.0 148.8 2.5 37.0 1 WSW Max >= 27.0 0 Max <= 0.0 0 Min <= 0.0 6 Min <= -18.0 0 Max Rain: 35.2 on day 1 Days of Rain: 22 (>= 0.2 mm) 14 (>= 2.0 mm) 1 (>= 20.0 mm) Heat Base: 15.5 Cool Base: 18.5 Method: Integration |
:now::gauges::today::yesterday::this month::this year::records::monthly records::trends:climate reports |