Select a Year or Month report
Report for 2024 Mar Monthly Climatological Summary for Mar 2024 Name: Ashurst Bridge City: Totton State: Hampshire Elevation: 9 m Lat: N 50° 54' 29" Lon: W 001° 30' 28" Temperature (°C), Rain (mm), Wind Speed (mph) Heat Cool Avg Mean Deg Deg Wind Dom Day Temp High Time Low Time Days Days Rain Speed High Time Dir ---------------------------------------------------------------------------------- 01 5.2 9.9 12:56 1.7 07:05 10.3 0.0 12.0 5.3 30.0 15:30 SSW 02 2.4 9.7 13:57 -3.4 06:32 13.1 0.0 0.0 1.5 14.0 12:09 SW 03 3.1 11.7 15:36 -2.7 06:19 12.4 0.0 0.0 0.8 11.0 15:37 SW 04 6.9 10.9 11:53 1.6 09:00 8.6 0.0 18.6 4.4 25.0 13:59 SSE 05 3.1 10.0 15:43 -2.0 07:03 12.4 0.0 4.2 0.6 10.0 10:40 WNW 06 5.1 12.3 13:38 -0.7 02:14 10.4 0.0 0.2 1.8 13.0 08:51 E 07 6.9 13.4 12:55 1.4 06:32 8.6 0.0 0.0 3.6 16.0 19:48 ENE 08 8.5 13.2 13:25 5.9 09:00 6.9 0.0 0.4 4.0 18.0 11:21 ENE 09 9.2 13.2 12:41 6.5 07:36 6.3 0.0 2.6 3.1 22.0 14:25 ESE 10 8.4 12.4 14:22 4.6 01:46 7.1 0.0 1.0 1.0 11.0 05:21 WNW 11 7.9 11.2 08:55 4.4 01:47 7.6 0.0 7.6 2.5 19.0 06:51 W 12 12.0 14.6 15:08 10.9 03:09 3.5 0.0 1.6 6.5 20.0 06:55 SW 13 10.6 13.9 13:37 7.8 05:09 4.9 0.0 0.0 4.4 20.0 13:04 SSW 14 12.1 16.1 12:25 10.9 09:00 3.3 0.0 3.6 7.0 26.0 18:48 SSW 15 8.9 15.2 11:36 0.4 06:39 6.6 0.0 0.6 3.9 23.0 13:59 SW 16 10.9 12.3 11:01 6.7 09:00 4.6 0.0 8.4 4.1 19.0 04:15 S 17 10.6 17.0 13:33 5.2 05:00 4.9 0.0 0.2 2.6 14.0 16:40 SW 18 11.6 14.5 11:19 10.4 21:19 3.9 0.0 0.6 5.8 20.0 05:12 SW 19 10.8 12.0 15:16 9.3 06:15 4.7 0.0 0.8 3.3 17.0 12:59 SSW 20 10.6 17.1 14:11 4.8 06:44 5.1 0.0 0.2 1.0 9.0 14:12 S 21 11.2 16.7 13:25 8.2 03:15 4.4 0.0 0.0 3.4 13.0 14:57 SW 22 8.1 12.9 10:55 3.2 06:00 7.4 0.0 0.0 4.0 16.0 08:59 W 23 7.0 9.9 15:27 4.1 20:57 8.5 0.0 2.0 5.4 26.0 15:42 W 24 7.9 13.5 14:50 3.5 21:25 7.6 0.0 1.2 3.1 24.0 09:36 W 25 10.0 12.7 13:12 7.4 06:20 5.6 0.0 0.0 4.6 20.0 12:00 SE 26 8.2 13.8 10:45 4.1 03:35 7.4 0.0 14.6 3.0 29.0 08:51 S 27 7.3 11.1 15:42 2.7 04:20 8.2 0.0 21.2 6.8 31.0 09:02 S 28 9.0 12.2 14:48 6.4 10:21 6.5 0.0 14.6 11.1 50.0 16:57 S 29 7.8 13.9 13:41 1.0 06:12 7.7 0.0 0.2 4.6 38.0 10:51 SSW 30 9.3 15.1 14:10 3.8 06:37 6.2 0.0 0.0 3.0 16.0 11:41 SE 31 9.8 15.7 15:32 3.4 07:22 5.7 0.0 30.8 2.0 13.0 12:28 ESE ---------------------------------------------------------------------------------- 8.4 17.1 20 -3.4 2 220.4 0.0 147.2 3.8 50.0 28 SSW Max >= 27.0 0 Max <= 0.0 0 Min <= 0.0 4 Min <= -18.0 0 Max Rain: 30.8 on day 31 Days of Rain: 23 (>= 0.2 mm) 12 (>= 2.0 mm) 2 (>= 20.0 mm) Heat Base: 15.5 Cool Base: 18.5 Method: Integration |
:now::gauges::today::yesterday::this month::this year::records::monthly records::trends:climate reports |